-4)/y)/((-5)/(-70)). Let r be (-1)/(-4) - 39/(-4). Calculate the greatest common divisor of d and r.
2
Suppose z = -2*z - 2*p + 40, p - 2 = 0. Let y(r) = -2*r**3 + 4*r + 10. Let u be y(-2). What is the greatest common factor of z and u?
6
Let b be (1212 - -3)*(-10)/(-15). Calculate the greatest common divisor of 20 and b.
10
Suppose -2023 = 111*q - 128*q. Let a(n) = 16*n**3 + 2*n**2 - n. Let t be a(1). What is the highest common factor of q and t?
17
Let c be 119/9 + (-8)/36. What is the highest common factor of 3 and c?
1
Let h(w) be the first derivative of -w - 15/2*w**2 - 5. Let t be h(-1). What is the highest common divisor of 14 and t?
14
Let u = 134 - 46. Let v(x) = -x**2 + 72*x - 756. Let z be v(59). What is the highest common factor of u and z?
11
Let x(b) = 9*b + 101. Let v be x(-11). What is the highest common factor of v and 106?
2
Suppose 2*l - 4*c = 166, 0 = 5*l - 3*c - 141 - 246. Suppose -17*a = -2*a - 1650. Let x = a - l. What is the greatest common divisor of 245 and x?
35
Let k(r) = -10*r + 364. Let o be k(6). What is the greatest common divisor of 16 and o?
16
Let i(m) = m**2 - 6*m + 9. Let k be i(6). Let u(x) = -60*x + 13. Let g be u(0). Let r = g - k. Calculate the highest common factor of 20 and r.
4
Let m(l) = -l**3 - 14*l**2 + 15*l + 15. Let t be m(-15). Suppose 0*b - 3*b + 627 = 0. Suppose -b = -5*h + 166. Calculate the greatest common factor of t and h.
15
Suppose 11*k = 16*k - 25. Suppose -k*y - 2*x = -54, -4*x + 17 = 2*y + 5. Calculate the greatest common divisor of 9 and y.
3
Suppose 33 = 5*k - 5*l - 37, 3*k = l + 34. What is the greatest common divisor of k and 250?
10
Suppose 8 = 5*u - 7. Suppose 4*q - 243 = p, -p + 0 = u. Calculate the greatest common factor of q and 20.
20
Let l = -6 + 10. Let s(n) = n**3 + 19*n**2 - 3*n - 42. Let y be s(-19). Let r = y - 7. What is the highest common divisor of l and r?
4
Suppose 0 = -3*j - 2*j + i - 7, -3*i = -3*j + 3. Let v be (19 - j) + (6 - (8 - 2)). What is the highest common factor of 84 and v?
21
Let v be ((-28)/(-35))/((-6)/(-135)). Let l(c) = 3*c - 14. Let u be l(v). Calculate the highest common factor of u and 32.
8
Let g = 203 - 123. Let v = -14 - -24. What is the greatest common divisor of g and v?
10
Suppose 4*r - 25 + 9 = 0. Suppose 5*v - v + 8 = 0. Let c = r + v. What is the highest common factor of 4 and c?
2
Let x = 1139 - 1067. What is the highest common factor of x and 360?
72
Suppose 15*k - 159 = 51. Calculate the highest common divisor of 7 and k.
7
Let y(q) be the third derivative of 0 + 121/6*q**3 - 1/24*q**4 - 1/60*q**5 + 3*q**2 + 0*q. Let k be y(0). What is the greatest common divisor of 11 and k?
11
Suppose -5*s + v = -1840, s - 19*v - 344 = -14*v. Calculate the greatest common divisor of s and 9.
9
Let k(a) = -a**2 + 21*a + 27. Let j be k(20). Let b(i) = 36*i + 5. Let d be b(9). Calculate the greatest common factor of d and j.
47
Let o(d) = -736*d + 4. Let n be o(-1). Calculate the greatest common factor of n and 20.
20
Suppose 0 = 3*o - 5*a - 53, 2*o + 5*a = -o + 43. Suppose 0*u - 9 = -u. Suppose h - 103 = u. Calculate the highest common divisor of h and o.
16
Let h = -1575 - -1580. What is the greatest common factor of h and 125?
5
Let j(r) = 2*r + 5*r**2 + 3*r**3 - 2*r**3 + 36 - 71 + 30. Let s be j(-3). What is the greatest common factor of s and 7?
7
Let v = -80 - -206. Calculate the highest common divisor of v and 12.
6
Let s = 42 + -24. What is the highest common divisor of s and 78?
6
Let x(k) be the third derivative of -17*k**4/24 + 5*k**3/3 - 4*k**2. Let j be x(-4). Calculate the highest common factor of 52 and j.
26
Suppose -37 = -4*s + 3*k, s - 5*k = -0*s + 22. Suppose 0 = 3*i - s*i - 3*a + 83, 3*i - 41 = 2*a. Calculate the highest common divisor of i and 102.
17
Let o be (-104)/(-32) - 4/16. Calculate the greatest common divisor of o and 16.
1
Suppose 3*r + 3*i - 66 = 0, 4*i = -r - 0*r + 10. Let g = r + -14. Calculate the greatest common divisor of g and 18.
6
Suppose 36 = -6*o - 6. Let a = -8 - o. Let h = 36 + a. What is the greatest common divisor of h and 5?
5
Let k(b) = 22*b**2 + b - 1. Let y be k(1). Let j = 28 - y. Suppose -3*v = -3 - j. Calculate the greatest common factor of v and 2.
1
Suppose 5*q + 6*y = y + 30, 4*q - 5*y = -12. Suppose -21 = -q*p + 19. Calculate the greatest common divisor of p and 8.
4
Let f = 208 - 178. What is the highest common divisor of 360 and f?
30
Suppose 7 = -28*v + 29*v. Suppose 4*h = 8*h - 140. What is the greatest common factor of h and v?
7
Suppose z + 4*z - 280 = 0. Let c be (2 + -2)*1 + -22 + 30. Calculate the greatest common divisor of z and c.
8
Let w be (-3 - -6)/(3/7). Suppose v + w = 10. Suppose 3*p = -3, -2*f - 41 = -5*f - 4*p. What is the highest common factor of f and v?
3
Suppose 5*j + 73 = 5*q - 4*q, 2*q - 131 = 5*j. Let l(h) = 2*h**2 + 15*h - 21. Let m be l(-12). What is the highest common divisor of m and q?
29
Let v be 72/2*3/8*4. Suppose 0*s - 4 = -2*s - 5*i, 0 = -2*i + 8. Let t = s + 44. What is the highest common factor of t and v?
18
Let x(m) = 2*m**2 - 1. Suppose n - 6*n - 10 = 0. Let l be x(n). Suppose 2*d = -l + 151. What is the greatest common divisor of 9 and d?
9
Let r(x) = 2*x - 18. Suppose 35 - 95 = -4*g. Let c be r(g). What is the highest common divisor of c and 3?
3
Let g be (100/8)/(1/2). Suppose 0 = 6*k - 100 + 40. What is the greatest common divisor of k and g?
5
Let p = -203 + 343. Suppose 4*t - 2*a - 24 = -4*a, -28 = -t + 5*a. Let q = 20 + t. What is the highest common divisor of q and p?
28
Let m(b) = b**3 - 4*b**2 - 33*b + 27. Let q be m(8). What is the highest common divisor of q and 551?
19
Suppose 3*w - 6 - 12 = 0. Let j be -1 + w*(-3)/(-6)*43. Calculate the highest common factor of j and 8.
8
Let z(u) = -2 - 1 + 4*u + 5 + 6*u. Let c be z(1). Let w(n) = -3*n**3 - 4*n**2 - 2*n - 3. Let y be w(-3). Calculate the highest common factor of y and c.
12
Suppose c = d + 3, 1 = -4*d - 3. Suppose a + 5*z = c, -26 = -2*a - 0*z + z. What is the highest common divisor of a and 60?
12
Let s(n) = -8*n - 54. Let q be s(-8). Suppose -4 = 3*w - q. Calculate the highest common factor of 38 and w.
2
Suppose 145*o + 945 = 148*o. Suppose 2*g - 105 = -g. What is the greatest common divisor of g and o?
35
Suppose 0*r = 5*r - 45. Suppose -4*h - 241 = -5*j, -4*j + h - 2*h + 176 = 0. What is the greatest common divisor of j and r?
9
Let x = 2 - -2. Suppose -130 + 2 = -x*z. What is the highest common factor of z and 8?
8
Suppose 0 = -5*t - 24 + 129. Suppose -6*l + 27 = -t. Let y = 14 - l. Calculate the greatest common factor of 2 and y.
2
Let f = -115 - -192. Let i(o) = -o**3 - 3*o**2 - 2*o - 2. Let w be i(-3). Let l be (-485)/(-45) + w/18. Calculate the highest common divisor of f and l.
11
Suppose 8*y - 3*n - 10 = 6*y, -25 = -5*y - n. Calculate the highest common divisor of y and 5.
5
Let k be 3 - 0 - (-1)/((-2)/(-4)). Suppose 3*z - 18 = 5*s, 0*s - 3*s = -k*z + 14. What is the highest common divisor of 9 and z?
1
Let t be ((-96)/(-112))/(2/(-42)). Let g(n) = -n**2 - 19*n - 14. Let k be g(t). What is the highest common factor of k and 4?
4
Let h(m) = -6 - 7*m - 4*m + 6*m. Let g be h(4). Let x = -22 - g. What is the highest common factor of x and 6?
2
Let b be 4/(-10) + (-1659)/(-35). Let j = 132 - b. Let i = 1 - -33. Calculate the highest common factor of i and j.
17
Suppose 22 = 53*r - 52*r. What is the highest common factor of r and 2?
2
Let r(u) = -4*u**2 + 6*u**2 + 0*u**2 + 32 + 16*u - 3*u**2. Let s be r(16). Suppose -2*i - 64 = -6*i. What is the highest common factor of i and s?
16
Let i(l) = 126 - 27*l - 135 + 10*l. Let o be i(-3). Suppose -15 = -4*x + 3*g, -4*g = -3*x + g + 3. Calculate the highest common factor of x and o.
6
Suppose s + 509 = -5*o, -2*o = -3*o + s - 97. Let c = o + 142. Calculate the greatest common factor of c and 164.
41
Let p be 558 + (-5 - 65/(-5) - 5). What is the highest common divisor of 33 and p?
33
Let p be 2 + -1 + 0 + 3. Suppose p*l - 20 + 8 = 0. Let v = 6 - l. Calculate the highest common factor of 27 and v.
3
Let i(c) = -c**2 + 22*c - 43. Let t be i(17). What is the greatest common divisor of 12 and t?
6
Let t = 0 - -8. Let y be (0 - t)/(-4) - -22. Calculate the highest common factor of y and 72.
24
Let r = -22 - -44. Let d = -413 + 611. Calcula